ose 0 = 6*w - 6 - 66. Suppose 5*t + 3*q - 80 = 60, 4*q - 95 = -3*t. Suppose 0 = 6*j + t - 133. Calculate the greatest common divisor of j and w.
6
Suppose 31*n - 76 = -0*n - 14. Calculate the highest common factor of n and 522.
2
Suppose -38 = -4*a + 4*m - 6, -3*m + 16 = 5*a. Suppose 3*q - a*w - 22 = -w, 4*w - 6 = q. Calculate the highest common factor of 161 and q.
7
Let x be 37/39 - 1 - 65552/(-624). What is the highest common factor of x and 1645?
35
Let q be (72/(-2))/(195/(-65)). What is the highest common factor of 177 and q?
3
Let x be -5*3/(3/(-1)). Let c(d) = 10*d**2 + 61*d + 110. Let f be c(-5). What is the highest common divisor of f and x?
5
Let w(f) = -41*f - 887. Let l be w(-22). What is the greatest common factor of l and 1065?
15
Let y(x) = -3*x**2 - 148*x - 77. Let c be y(-44). Calculate the greatest common divisor of 2475 and c.
33
Let a be -6 + (-5 + 2 - -185). What is the greatest common divisor of 1496 and a?
88
Suppose -321 = -4*w + 3*v, -2*w + 27*v = 26*v - 161. What is the greatest common factor of 18 and w?
9
Let x be (-28)/154 + 928/22. Let q = 44 - x. Let a be ((7 - 4) + q)/1. What is the highest common factor of 20 and a?
5
Let l(j) = j**2 - 3*j + 42. Let o be l(-8). Suppose 0 = -144*u + 151*u - 3185. What is the highest common factor of u and o?
65
Let o be (-6)/2 + -1 + 0. Let n(m) = -m - 4. Let g be n(o). Let s be (-5)/5 - (-19 + g). Calculate the highest common factor of s and 27.
9
Let r be 24/(-21)*(-18088)/68. Suppose d + 4 = 0, -d - 3*d + 112 = 4*w. Calculate the greatest common divisor of w and r.
16
Let o(n) = 2*n**2 + 12*n + 74. Let q be o(7). Calculate the highest common divisor of q and 336.
16
Suppose 195*d + 213486 = 1762371. Calculate the highest common divisor of d and 338.
169
Suppose -4*j = -3*l + 33, 0 = -6*j + j. Let p = -104 + 108. Let q be -1 + (p - 404)/(-4). What is the highest common factor of q and l?
11
Let x = -1116 - -1303. Calculate the highest common factor of x and 17.
17
Suppose -25*l = -28*l - 15, -l + 3 = 4*k. Suppose k*d + 15*d = 1666. Calculate the greatest common divisor of d and 2.
2
Suppose 0*y - 4*y + 80 = 4*i, 0 = -3*y + 3*i + 60. Suppose -y = 3*v - 185. What is the highest common divisor of v and 5?
5
Let i(q) = 14*q - 74. Let v be i(13). Let a = 231 - v. What is the highest common factor of 82 and a?
41
Let c be (546/(-65) - -7)/(9/(-45)). Let f = -130 + 186. What is the greatest common divisor of f and c?
7
Let o be 12 - 0*1/4. Suppose -14*s = -11*s - o. Calculate the greatest common divisor of s and 32.
4
Let i(r) = -6*r**3 + 3*r + 2. Let l be i(-2). Let b be (-18)/2025*-1359 - 4/50. What is the greatest common factor of l and b?
4
Let a(y) = y**2 + 20*y - 36. Let i be a(8). What is the highest common divisor of i and 11374?
94
Suppose 103*a - 9045 = -1320. Calculate the highest common factor of a and 39.
3
Let q be 4/6*-3 - (-258 - 30). What is the highest common divisor of 416 and q?
26
Suppose -10*g - 5250 = -14970. Suppose -3*k + 28 + 8 = 0. What is the highest common divisor of k and g?
12
Let p = 25619 - 22748. Calculate the greatest common factor of p and 495.
99
Let h = -46626 - -46644. What is the highest common factor of 10629 and h?
9
Let s be (-3)/((-9)/(-15)) + (7 - (4 - 4)). Let i be (15 - 1) + -20 + 17. Calculate the highest common factor of i and s.
1
Suppose 60*n = -91 - 1109. Let j be ((-132)/18 - -4)*1476/n. Calculate the highest common factor of 18 and j.
6
Let t(v) = v**3 + 31*v**2 - 67*v + 13. Let m = -451 + 418. Let n be t(m). What is the highest common factor of n and 552?
46
Let z = -36667 - -36689. Calculate the greatest common factor of z and 4499.
11
Let i = 4253 + -4176. Calculate the highest common divisor of 168 and i.
7
Let m = -274 - -277. Suppose -m*q = -4*p + 2353, -3*p + 918 = -5*q - 844. Calculate the greatest common factor of 19 and p.
19
Let x = -1267 - -2563. What is the greatest common factor of x and 2025?
81
Suppose 5*g = 239*l - 235*l - 271, -3*l + 5*g + 197 = 0. What is the highest common divisor of 4514 and l?
74
Let o = 6836 - 6650. Calculate the highest common factor of 1240 and o.
62
Let i = 492 + -492. Suppose i = 26*z - 301 - 271. Calculate the highest common divisor of 110 and z.
22
Let w be 115*(-13)/65*-59. Calculate the greatest common divisor of w and 177.
59
Let u = 7 - 2. Suppose u*c - 3*c - 74 = -4*o, -c = 3. Calculate the highest common divisor of o and 320.
20
Suppose -784 - 1370 - 22 = -17*a. Calculate the greatest common divisor of 808 and a.
8
Suppose 0*o + o = 3*y - 33, 9 = y - o. Suppose 3*d = -y, 9*c - 2*d - 38 = 4*c. What is the greatest common divisor of c and 150?
6
Let r(v) = -124*v + 869. Let i be r(6). Calculate the highest common divisor of 185 and i.
5
Suppose -4*z + 550 = 5*i, -5*i - 2*z + 550 = -6*z. What is the greatest common factor of 95 and i?
5
Let l(n) = -n**2 + 11*n - 20. Let q(c) = c**3 - 10*c**2 + 19*c - 18. Let v be q(8). Let u be l(v). Calculate the greatest common factor of u and 20.
10
Let l be ((-2)/(-4))/(1/132). Suppose l = -5*u + 306. Suppose -5*c + u = c. Calculate the highest common divisor of c and 12.
4
Suppose -23*l + 1443 = 3*c - 26*l, 4*c = 5*l + 1919. Calculate the highest common divisor of c and 2187.
243
Suppose 58*t - 588595 = 6833. Calculate the highest common factor of 177 and t.
177
Let m = -59 + 70. Suppose -3*d + 13 = 4*c, -c = -3*d - 11 - m. Suppose 40 = c*b - 86. Calculate the greatest common divisor of b and 9.
9
Let y be 400/(-25) + 11 + 2/(-2)*-1298. What is the highest common divisor of 9 and y?
3
Let b(d) = 6*d**3 + 32*d**2 + 7*d - 8. Let i be b(-5). Let r(q) = 8*q + 25. Let p be r(i). Calculate the highest common factor of p and 54.
27
Let g(h) = -h**2 - 7*h + 32. Let u be g(-10). Suppose -4*t + 65 = -w, 3*w + 342 = -u*w + 3*t. Let m = 112 + w. What is the highest common factor of m and 344?
43
Let z(f) = f**2 - f + 32. Let u be z(0). Let h(x) = -147*x**2 - 598*x - 32. Let i be h(-4). What is the greatest common divisor of u and i?
8
Suppose -17*n + 16*n = -3*w + 1326, -2210 = -5*w + 4*n. Let v = w + -414. Let s(o) = 36*o + 8. Let p be s(6). Calculate the greatest common divisor of v and p.
28
Suppose 0 = -3*a + 19*a - 64. Suppose -4*l + 3*r - 4*r + 886 = 0, -2*r + a = 0. What is the highest common factor of l and 17?
17
Let m(p) = 13*p - 216. Let b be m(17). Let y be -1*b*((-663)/(-15))/(-17). Let n be (-13)/(24/27 - 1). Calculate the highest common factor of y and n.
13
Let p(y) = 34*y - 8. Let n(j) = 6*j + 95. Let f be n(-13). Let l be p(f). What is the greatest common divisor of l and 38?
38
Let o = -68 - -28. Let l be 1402/18 - o/360. What is the greatest common divisor of 195 and l?
39
Let a be 335/(-134)*(-1 - 1 - 0). Suppose -9 = 3*i - 4*n - 64, a*n = -i - 7. Calculate the greatest common factor of 104 and i.
13
Suppose u = -2*f + 26, -128 = -5*u - 2*f - 30. Let d be 28*12 - (15 - 21). Calculate the highest common divisor of d and u.
18
Suppose -1491 = -5*r - 126. Let i = -40840 + 40879. Calculate the highest common divisor of r and i.
39
Let x(j) = 9*j - 7. Let r be x(5). Let y = 40 - r. Suppose -y*c + 7*c = 80. Calculate the highest common divisor of c and 16.
16
Suppose -5*i = -3*w - 167, 5*w + 3*i - 143 = -410. Let y = w - -114. Calculate the greatest common factor of 20 and y.
20
Let n(l) = 20*l**2 + 0*l**3 - 4 - 1 + 4 - 15*l - 3*l - l**3. Let m be n(19). Suppose -5*c + 264 + 6 = 0. Calculate the highest common factor of c and m.
18
Let m = -264 + 194. Let g = m - -150. What is the greatest common divisor of 140 and g?
20
Suppose 17*r = -0*r + 35*r - 990. Calculate the greatest common divisor of 4653 and r.
11
Let v(b) = 47 - 9 + 42 - b**2 - 20*b. Let r be v(-19). What is the highest common factor of r and 11?
11
Let t = -19 - -23. Suppose -8*m - 28 = -t*m. Let r(w) = w**2 - 4*w + 3. Let a be r(m). What is the highest common factor of 200 and a?
40
Let k(r) = 200*r. Let d be k(2). Let a(b) = b**3 - 36*b**2 - 97*b - 730. Let z be a(39). What is the greatest common divisor of d and z?
50
Let l(a) = -15*a**3 + 7*a**2 + 23*a + 45. Let z be l(-4). What is the greatest common factor of z and 75?
25
Suppose -2*t = 2*j - 460, 0 = 5*j - 8 - 32. Calculate the greatest common divisor of 9546 and t.
222
Suppose -2*a + 7456 = -2*l, -20*a = -24*a + 5